{"id":73,"date":"2016-04-23T03:55:34","date_gmt":"2016-04-23T03:55:34","guid":{"rendered":"http:\/\/carpenter.weblusive-themes.com\/?page_id=73"},"modified":"2024-07-05T06:07:38","modified_gmt":"2024-07-05T06:07:38","slug":"about-us","status":"publish","type":"page","link":"https:\/\/www.ofenforstenpointner.at\/cms\/about-us\/","title":{"rendered":"Wir"},"content":{"rendered":"<section class=\"wpb-content-wrapper\"><p>[vc_row newlayout=&#8220;Fixed&#8220;][vc_column]<div class=\"blank-spacer clearfix  \"  style=\"margin-bottom:80px !important; clear:both;\"><\/div><div class=\"section_header tblock-box text-left  \"><h2 class=\"tblock \" >\u00dcber uns<\/h2><\/div><div class=\"blank-spacer clearfix  \"  style=\"margin-bottom:50px !important; clear:both;\"><\/div>[\/vc_column][\/vc_row][vc_row equal_height=&#8220;yes&#8220; newlayout=&#8220;Fixed&#8220; el_class=&#8220;who-area&#8220;][vc_column width=&#8220;1\/4&#8243;]<div class=\"image-shortcode style2  \"><img decoding=\"async\" src=\"https:\/\/www.ofenforstenpointner.at\/cms\/wp-content\/uploads\/2020\/03\/DSC0938-scaled.jpg\"  alt=\"alt\"><\/div>[\/vc_column][vc_column width=&#8220;3\/4&#8243; el_class=&#8220;who-are-texts&#8220;][vc_column_text css=&#8220;.vc_custom_1607700642009{margin-bottom: 0px !important;}&#8220;]Josef Forstenpointner lernte schon in jungen Jahren das Ofen-Handwerk von der Pike auf. 1983 begann er bei der Firma Lohberger als Lehrling zu arbeiten, im April 2009 gr\u00fcndete er schlie\u00dflich mit &#8222;Forstenpointner&#8220; sein eigenes Unternehmen.<br \/>\nW\u00e4hrend die Firma Forstenpointner zuerst in einem gemieteten Schauraum angesiedelt war, wurde der Platz mit der Zeit zu klein. Daher verlegte Firmeninhaber Josef Forstenpointner den Standort inzwischen nach Unterminathal 64. Dort wurde ab M\u00e4rz 2017 ein \u00fcber 500 Quadratmeter gro\u00dfes Geb\u00e4ude neu errichtet, das einen ger\u00e4umigen Schauraum eine Werkstatt sowie B\u00fcro und Lager zusammenfasst.<br \/>\nW\u00e4hrend nach der Firmengr\u00fcndung nur Inhaber Josef und seine Frau im Unternehmen t\u00e4tig waren, gibt es seit M\u00e4rz 2020 einen weiteren Mitarbeiter.[\/vc_column_text]<div class=\"blank-spacer clearfix  \"  style=\"margin-bottom:-25px !important; clear:both;\"><\/div>[\/vc_column][\/vc_row][vc_row equal_height=&#8220;yes&#8220; el_class=&#8220;features-section&#8220;][vc_column width=&#8220;5\/12&#8243; css=&#8220;.vc_custom_1461413479995{padding-right: 0px !important;padding-left: 0px !important;}&#8220;][\/vc_column][vc_column width=&#8220;7\/12&#8243; css=&#8220;.vc_custom_1607586804470{padding-right: 0px !important;padding-left: 0px !important;}&#8220;][\/vc_column][\/vc_row][vc_row newlayout=&#8220;Fixed&#8220;][vc_column]<div class=\"blank-spacer clearfix  \"  style=\"margin-bottom:80px !important; clear:both;\"><\/div><div class=\"section_header tblock-box text-left  \"><h2 class=\"tblock \" >Das sind wir<\/h2><\/div><div class=\"blank-spacer clearfix  \"  style=\"margin-bottom:50px !important; clear:both;\"><\/div>[\/vc_column][\/vc_row][vc_row newlayout=&#8220;Fixed&#8220;][vc_column width=&#8220;1\/4&#8243;]<div class=\"team  \">\r\n\t\t\t\t\t<div class=\"team-images row m0\">\r\n\t\t\t\t\t\t<img decoding=\"async\" alt=\"Josef\" src=\"\" class=\"img-responsive\">\r\n\t\t\t\t\t<\/div>\r\n\t\t\t\t\t<ul class=\"nav social-icons\"><\/ul>\r\n\t\t\t\t\t<div class=\"team-content\">\r\n\t\t\t\t\t\t<h4>Josef<\/h4>\r\n\t\t\t\t\t\t<p>Verkauf &amp; Service<\/p>\r\n\t\t\t\t\t<\/div>\r\n\t\t\t\t<\/div><div class=\"blank-spacer clearfix  \"  style=\"margin-bottom:80px !important; clear:both;\"><\/div>[\/vc_column][vc_column width=&#8220;1\/4&#8243;]<div class=\"team  \">\r\n\t\t\t\t\t<div class=\"team-images row m0\">\r\n\t\t\t\t\t\t<img decoding=\"async\" alt=\"Johanna\" src=\"\" class=\"img-responsive\">\r\n\t\t\t\t\t<\/div>\r\n\t\t\t\t\t<ul class=\"nav social-icons\"><\/ul>\r\n\t\t\t\t\t<div class=\"team-content\">\r\n\t\t\t\t\t\t<h4>Johanna<\/h4>\r\n\t\t\t\t\t\t<p>B\u00fcro &amp; Verkauf<\/p>\r\n\t\t\t\t\t<\/div>\r\n\t\t\t\t<\/div><div class=\"blank-spacer clearfix  \"  style=\"margin-bottom:80px !important; clear:both;\"><\/div>[\/vc_column][vc_column width=&#8220;1\/4&#8243;]<div class=\"team  \">\r\n\t\t\t\t\t<div class=\"team-images row m0\">\r\n\t\t\t\t\t\t<img decoding=\"async\" alt=\"Manfred\" src=\"\" class=\"img-responsive\">\r\n\t\t\t\t\t<\/div>\r\n\t\t\t\t\t<ul class=\"nav social-icons\"><\/ul>\r\n\t\t\t\t\t<div class=\"team-content\">\r\n\t\t\t\t\t\t<h4>Manfred<\/h4>\r\n\t\t\t\t\t\t<p>Montage &amp; Reparatur<\/p>\r\n\t\t\t\t\t<\/div>\r\n\t\t\t\t<\/div><div class=\"blank-spacer clearfix  \"  style=\"margin-bottom:80px !important; clear:both;\"><\/div>[\/vc_column][\/vc_row]<\/p>\n<\/section>","protected":false},"excerpt":{"rendered":"<p>[vc_row newlayout=&#8220;Fixed&#8220;][vc_column][\/vc_column][\/vc_row][vc_row equal_height=&#8220;yes&#8220; newlayout=&#8220;Fixed&#8220; el_class=&#8220;who-area&#8220;][vc_column width=&#8220;1\/4&#8243;][\/vc_column][vc_column width=&#8220;3\/4&#8243; el_class=&#8220;who-are-texts&#8220;][vc_column_text css=&#8220;.vc_custom_1607700642009{margin-bottom: 0px !important;}&#8220;]Josef Forstenpointner lernte schon in jungen Jahren das Ofen-Handwerk von der Pike auf. 1983 begann er bei der Firma Lohberger als Lehrling zu arbeiten, im April 2009 gr\u00fcndete er schlie\u00dflich mit &#8222;Forstenpointner&#8220; sein eigenes Unternehmen. W\u00e4hrend die Firma Forstenpointner zuerst in einem gemieteten Schauraum angesiedelt [&hellip;]<\/p>\n","protected":false},"author":1,"featured_media":0,"parent":0,"menu_order":0,"comment_status":"closed","ping_status":"closed","template":"page-fluid.php","meta":{"footnotes":""},"class_list":["post-73","page","type-page","status-publish","hentry"],"_links":{"self":[{"href":"https:\/\/www.ofenforstenpointner.at\/cms\/wp-json\/wp\/v2\/pages\/73","targetHints":{"allow":["GET"]}}],"collection":[{"href":"https:\/\/www.ofenforstenpointner.at\/cms\/wp-json\/wp\/v2\/pages"}],"about":[{"href":"https:\/\/www.ofenforstenpointner.at\/cms\/wp-json\/wp\/v2\/types\/page"}],"author":[{"embeddable":true,"href":"https:\/\/www.ofenforstenpointner.at\/cms\/wp-json\/wp\/v2\/users\/1"}],"replies":[{"embeddable":true,"href":"https:\/\/www.ofenforstenpointner.at\/cms\/wp-json\/wp\/v2\/comments?post=73"}],"version-history":[{"count":27,"href":"https:\/\/www.ofenforstenpointner.at\/cms\/wp-json\/wp\/v2\/pages\/73\/revisions"}],"predecessor-version":[{"id":970,"href":"https:\/\/www.ofenforstenpointner.at\/cms\/wp-json\/wp\/v2\/pages\/73\/revisions\/970"}],"wp:attachment":[{"href":"https:\/\/www.ofenforstenpointner.at\/cms\/wp-json\/wp\/v2\/media?parent=73"}],"curies":[{"name":"wp","href":"https:\/\/api.w.org\/{rel}","templated":true}]}}