{"id":61,"date":"2016-04-23T03:24:27","date_gmt":"2016-04-23T03:24:27","guid":{"rendered":"http:\/\/carpenter.weblusive-themes.com\/?page_id=61"},"modified":"2020-12-14T13:17:29","modified_gmt":"2020-12-14T13:17:29","slug":"services-2","status":"publish","type":"page","link":"https:\/\/www.ofenforstenpointner.at\/cms\/services-2\/","title":{"rendered":"Produkte"},"content":{"rendered":"<section class=\"wpb-content-wrapper\"><p>[vc_row newlayout=&#8220;Fixed&#8220; el_class=&#8220;services&#8220;][vc_column]<div class=\"blank-spacer clearfix  \"  style=\"margin-bottom:80px !important; clear:both;\"><\/div><div class=\" tabs-shortcode  tabs-ver  tab_pages \"><div class=\"row\"><div class=\"col-sm-3\"><ul class=\"nav nav-tabs\">  <li  class=\" active\"><a href=\"#tab-herde\"  data-toggle=\"tab\">\nHerde<\/a><\/li>\n  <li  class=\"\"><a href=\"#tab-kaminfen\"  data-toggle=\"tab\">\nKamin\u00f6fen<\/a><\/li>\n  <li  class=\"\"><a href=\"#tab-pelletfen\"  data-toggle=\"tab\">\nPellet\u00f6fen<\/a><\/li>\n  <li  class=\"\"><a href=\"#tab-kombifen\"  data-toggle=\"tab\">\nKombi\u00f6fen<\/a><\/li>\n  <li  class=\"\"><a href=\"#tab-kamine\"  data-toggle=\"tab\">\nKamine<\/a><\/li><\/ul><\/div><div class=\"col-sm-9\"> <div class=\"tab-content\"><div  class=\"tab-pane fade  active in\" id=\"tab-herde\"><\/p>\n<div class=\"row m0 tab_inn_cont_1 \">\n<div class=\"tab_inn_cont_2 row\">\n<div class=\"cont_left col-sm-8\">\n<div class=\"row m0 section_header color\">\n<h2>Herde<\/h2>\n<\/div>\n<div id=\"Wrapper\" class=\"wso-dom-loaded\">\n<div id=\"Content\">\n<div class=\"content_wrapper clearfix\">\n<div class=\"sections_group\">\n<div class=\"entry-content\" itemprop=\"mainContentOfPage\">\n<div class=\"section mcb-section mcb-section-041ab7f53 wso-center-text-section wso-section-margin\">\n<div class=\"section_wrapper mcb-section-inner\">\n<div class=\"wrap mcb-wrap mcb-wrap-b9c1cf704 one valign-top clearfix\">\n<div class=\"mcb-wrap-inner\">\n<div class=\"column mcb-column mcb-item-6136892dc one column_visual wso-two-column-text\">\n<p>Holz. Ein Geschenk der Natur, das auf so vielen Ebenen f\u00fcr Behaglichkeit sorgt. Es ist aus keinem Wohnraum wegzudenken, sei es als M\u00f6belst\u00fcck oder als stimmungsvoller W\u00e4rmespender.<br \/>\nWir genie\u00dfen das Flackern der Flammen, das glimmen der Glut, den harzigen Duft, die wohlige W\u00e4rme, die uns so viel weicher und nat\u00fcrlicher, als bei anderen Heizformen erscheint.<\/p>\n<p>In unserem Schauraum k\u00f6nnen Sie Herde der Marke Lohberger, Pertinger und Haas &amp; Sohn besichtigen.<\/p>\n<\/div>\n<\/div>\n<\/div>\n<\/div>\n<\/div>\n<\/div>\n<\/div>\n<\/div>\n<\/div>\n<\/div>\n<\/div>\n<\/div>\n<p>&nbsp;<\/p>\n<\/div>\n<p><\/div>\n<div  class=\"tab-pane fade \" id=\"tab-kaminfen\"><\/p>\n<div class=\"row m0 tab_inn_cont_1 \">\n<div class=\"tab_inn_cont_2 row\">\n<div class=\"cont_left col-sm-8\">\n<div class=\"row m0 section_header color\">\n<h2>Kaminofen<\/h2>\n<\/div>\n<\/div>\n<\/div>\n<section class=\"section section--half\">\n<div class=\"container\">\n<div class=\"columns\">\n<div class=\"column is-two-thirds spacer-aside\">\n<div class=\"text-redactor redactor ?__content\">\n<p><strong>Vom nat\u00fcrlichen Flammenbild bis hin zum typischen Knistern und Knacken der Holzscheite: ein Kaminofen spricht alle Sinne an. <\/strong><\/p>\n<p>&nbsp;<\/p>\n<section class=\"section section--half\">\n<div class=\"container\">\n<div class=\"columns\">\n<div class=\"column is-two-thirds spacer-aside\">\n<div class=\"text-redactor redactor ?__content\">\n<p>Er spendet nicht nur angenehme W\u00e4rme, sondern schafft auch eine ganz besondere Wohlf\u00fchl-Atmosph\u00e4re.<\/p>\n<\/div>\n<\/div>\n<\/div>\n<\/div>\n<\/section>\n<p>&nbsp;<\/p>\n<\/div>\n<\/div>\n<\/div>\n<\/div>\n<\/section>\n<p>&nbsp;<\/p>\n<\/div>\n<p><\/div>\n<div  class=\"tab-pane fade \" id=\"tab-pelletfen\"><\/p>\n<div class=\"row m0 tab_inn_cont_1 \">\n<div class=\"tab_inn_cont_2 row\">\n<div class=\"cont_left col-sm-8\">\n<div class=\"row m0 section_header color\">\n<h2>Pellet\u00f6fen<\/h2>\n<\/div>\n<section class=\"section section--half\">\n<div class=\"container\">\n<div class=\"columns\">\n<div class=\"column is-two-thirds spacer-aside\">\n<div class=\"text-redactor redactor ?__content\">\n<p><strong>Ein Pelletofen vereint das Ambiente eines traditionellen Kaminofens mit neuester Technologie und h\u00f6chstem Bedienkomfort.<\/strong><\/p>\n<p>Neben schneller W\u00e4rmebereitstellung und leisem Betrieb zeichnen sich Pellet\u00f6fen insbesondere durch ihre platzsparende Bauweise aus. Die automatische F\u00f6rderung des Brennstoffs, bequeme Steuerung via Touch-Display und Kipprostentaschung (modellabh\u00e4ngig) sind nur einige Vorteile eines Pelletofens.<\/p>\n<\/div>\n<\/div>\n<\/div>\n<\/div>\n<\/section>\n<p>&nbsp;<\/p>\n<\/div>\n<\/div>\n<\/div>\n<p><\/div>\n<div  class=\"tab-pane fade \" id=\"tab-kombifen\"><\/p>\n<div class=\"row m0 tab_inn_cont_1 \">\n<div class=\"tab_inn_cont_2 row\">\n<div class=\"cont_left col-sm-8\">\n<div class=\"row m0 section_header color\">\n<h2>Kombi\u00f6fen<\/h2>\n<\/div>\n<section class=\"section section--half\">\n<div class=\"container\">\n<div class=\"columns\">\n<div class=\"column is-two-thirds spacer-aside\">\n<div class=\"text-redactor redactor ?__content\">\n<p><strong>Ein Kombiofen vereint das Beste aus beiden Heizsystemen in einem einzigen Ofen. Er wartet mit klassischem Feuer und allen Annehmlichkeiten eines Pelletbetriebs auf.<\/strong><\/p>\n<p>Scheitholz f\u00fcr ein klassisches, knisterndes, knackendes Kaminfeuer. Pellets f\u00fcr moderne Technik und komfortable Bedienbarkeit. Ein Kombiofen macht beides m\u00f6glich &#8211; und erkennt vollautomatisch, ganz ohne Umr\u00fcsten oder Umschalten, wie Sie gerade heizen.<\/p>\n<\/div>\n<\/div>\n<\/div>\n<\/div>\n<\/section>\n<p>&nbsp;<\/p>\n<\/div>\n<\/div>\n<\/div>\n<p><\/div>\n<div  class=\"tab-pane fade \" id=\"tab-kamine\"><\/p>\n<div class=\"row m0 tab_inn_cont_1 \">\n<div class=\"tab_inn_cont_2 row\">\n<div class=\"cont_left col-sm-8\">\n<div class=\"row m0 section_header color\">\n<h2>Kamine<\/h2>\n<\/div>\n<div id=\"mk-boxed-layout\">\n<div id=\"mk-theme-container\">\n<section id=\"mk-footer\" role=\"contentinfo\">\n<div class=\"footer-wrapper mk-grid\">\n<div class=\"mk-padding-wrapper\">\n<div>\n<section id=\"black-studio-tinymce-3\" class=\"widget widget_black_studio_tinymce mk-in-viewport\">\n<div class=\"textwidget\">\n<div class=\"wpb_row vc_row vc_row-fluid mk-fullwidth-false attched-false js-master-row mk-in-viewport\">\n<div class=\"vc_col-sm-4 wpb_column column_container _ height-full\">\n<div id=\"text-block-29\" class=\"mk-text-block \">\n<p>Hochenergieeffiziente Kamine aus Keramik oder Edelstahl f\u00fcr modernste Heiztechnik, f\u00fcr Neubau und Renovierung.<\/p>\n<\/div>\n<\/div>\n<\/div>\n<\/div>\n<\/section>\n<\/div>\n<\/div>\n<\/div>\n<\/section>\n<\/div>\n<\/div>\n<\/div>\n<div class=\"cont_right col-sm-4\"><\/div>\n<\/div>\n<p>&nbsp;<\/p>\n<p>&nbsp;<\/p>\n<\/div>\n<p><\/div><\/div><\/div><\/div><\/div><div class=\"blank-spacer clearfix  \"  style=\"margin-bottom:80px !important; clear:both;\"><\/div>[\/vc_column][\/vc_row]<\/p>\n<\/section>","protected":false},"excerpt":{"rendered":"<p>[vc_row newlayout=&#8220;Fixed&#8220; el_class=&#8220;services&#8220;][vc_column][\/vc_column][\/vc_row]<\/p>\n","protected":false},"author":1,"featured_media":0,"parent":0,"menu_order":0,"comment_status":"closed","ping_status":"closed","template":"page-fluid.php","meta":{"footnotes":""},"class_list":["post-61","page","type-page","status-publish","hentry"],"_links":{"self":[{"href":"https:\/\/www.ofenforstenpointner.at\/cms\/wp-json\/wp\/v2\/pages\/61","targetHints":{"allow":["GET"]}}],"collection":[{"href":"https:\/\/www.ofenforstenpointner.at\/cms\/wp-json\/wp\/v2\/pages"}],"about":[{"href":"https:\/\/www.ofenforstenpointner.at\/cms\/wp-json\/wp\/v2\/types\/page"}],"author":[{"embeddable":true,"href":"https:\/\/www.ofenforstenpointner.at\/cms\/wp-json\/wp\/v2\/users\/1"}],"replies":[{"embeddable":true,"href":"https:\/\/www.ofenforstenpointner.at\/cms\/wp-json\/wp\/v2\/comments?post=61"}],"version-history":[{"count":22,"href":"https:\/\/www.ofenforstenpointner.at\/cms\/wp-json\/wp\/v2\/pages\/61\/revisions"}],"predecessor-version":[{"id":859,"href":"https:\/\/www.ofenforstenpointner.at\/cms\/wp-json\/wp\/v2\/pages\/61\/revisions\/859"}],"wp:attachment":[{"href":"https:\/\/www.ofenforstenpointner.at\/cms\/wp-json\/wp\/v2\/media?parent=61"}],"curies":[{"name":"wp","href":"https:\/\/api.w.org\/{rel}","templated":true}]}}