{"id":213,"date":"2016-04-23T07:54:33","date_gmt":"2016-04-23T07:54:33","guid":{"rendered":"http:\/\/carpenter.weblusive-themes.com\/?page_id=213"},"modified":"2020-11-02T12:09:26","modified_gmt":"2020-11-02T12:09:26","slug":"projects","status":"publish","type":"page","link":"https:\/\/www.ofenforstenpointner.at\/cms\/projects\/","title":{"rendered":"Schauraum"},"content":{"rendered":"<section class=\"wpb-content-wrapper\"><p>[vc_row][vc_column]<div class=\"section_header tblock-box text-left  \"><h2 class=\"tblock \" >Hier ein kleiner \u00dcberblick zum Schauraum<\/h2><p >In unserem Schauraum k\u00f6nnen Sie \u00fcber 50 \u00d6fen und Herde besichtigen und werden von uns pers\u00f6nlich beraten.<\/p><\/div>[\/vc_column][\/vc_row][vc_row][vc_column][vc_masonry_media_grid grid_id=&#8220;vc_gid:1604318935432-277df207-168b-6&#8243; include=&#8220;659,658,687,686,688,685&#8243;][\/vc_column][\/vc_row][vc_row][vc_column][\/vc_column][\/vc_row]<\/p>\n<\/section>","protected":false},"excerpt":{"rendered":"<p>[vc_row][vc_column][\/vc_column][\/vc_row][vc_row][vc_column][vc_masonry_media_grid grid_id=&#8220;vc_gid:1604318935432-277df207-168b-6&#8243; include=&#8220;659,658,687,686,688,685&#8243;][\/vc_column][\/vc_row][vc_row][vc_column][\/vc_column][\/vc_row]<\/p>\n","protected":false},"author":1,"featured_media":0,"parent":0,"menu_order":0,"comment_status":"closed","ping_status":"closed","template":"","meta":{"footnotes":""},"class_list":["post-213","page","type-page","status-publish","hentry"],"_links":{"self":[{"href":"https:\/\/www.ofenforstenpointner.at\/cms\/wp-json\/wp\/v2\/pages\/213","targetHints":{"allow":["GET"]}}],"collection":[{"href":"https:\/\/www.ofenforstenpointner.at\/cms\/wp-json\/wp\/v2\/pages"}],"about":[{"href":"https:\/\/www.ofenforstenpointner.at\/cms\/wp-json\/wp\/v2\/types\/page"}],"author":[{"embeddable":true,"href":"https:\/\/www.ofenforstenpointner.at\/cms\/wp-json\/wp\/v2\/users\/1"}],"replies":[{"embeddable":true,"href":"https:\/\/www.ofenforstenpointner.at\/cms\/wp-json\/wp\/v2\/comments?post=213"}],"version-history":[{"count":14,"href":"https:\/\/www.ofenforstenpointner.at\/cms\/wp-json\/wp\/v2\/pages\/213\/revisions"}],"predecessor-version":[{"id":661,"href":"https:\/\/www.ofenforstenpointner.at\/cms\/wp-json\/wp\/v2\/pages\/213\/revisions\/661"}],"wp:attachment":[{"href":"https:\/\/www.ofenforstenpointner.at\/cms\/wp-json\/wp\/v2\/media?parent=213"}],"curies":[{"name":"wp","href":"https:\/\/api.w.org\/{rel}","templated":true}]}}